97 is divided by 15782.
15
Calculate the remainder when 154054 is divided by 778.
10
What is the remainder when 121379 is divided by 274?
271
Calculate the remainder when 64959 is divided by 140.
139
What is the remainder when 14617 is divided by 969?
82
Calculate the remainder when 1159 is divided by 20.
19
Calculate the remainder when 7004 is divided by 10.
4
Calculate the remainder when 23468 is divided by 602.
592
What is the remainder when 34523 is divided by 585?
8
Calculate the remainder when 1437 is divided by 491.
455
What is the remainder when 143549 is divided by 25?
24
What is the remainder when 138814 is divided by 971?
932
Calculate the remainder when 173952 is divided by 3162.
42
What is the remainder when 17782 is divided by 118?
82
What is the remainder when 6735 is divided by 183?
147
Calculate the remainder when 3244 is divided by 1071.
31
Calculate the remainder when 9299 is divided by 50.
49
Calculate the remainder when 14960 is divided by 49.
15
What is the remainder when 4440 is divided by 531?
192
What is the remainder when 30715 is divided by 7626?
211
What is the remainder when 6993 is divided by 3399?
195
What is the remainder when 87353 is divided by 22?
13
Calculate the remainder when 26133 is divided by 26074.
59
What is the remainder when 2054 is divided by 634?
152
Calculate the remainder when 24957 is divided by 105.
72
What is the remainder when 420907 is divided by 961?
950
What is the remainder when 824996 is divided by 2037?
11
What is the remainder when 5114 is divided by 251?
94
Calculate the remainder when 2258 is divided by 564.
2
Calculate the remainder when 4928 is divided by 120.
8
What is the remainder when 432868 is divided by 15?
13
Calculate the remainder when 6703 is divided by 12.
7
What is the remainder when 14610 is divided by 21?
15
Calculate the remainder when 292993 is divided by 191.
190
Calculate the remainder when 16305 is divided by 27.
24
Calculate the remainder when 20019 is divided by 713.
55
What is the remainder when 83540 is divided by 49?
44
Calculate the remainder when 130655 is divided by 22.
19
What is the remainder when 185894 is divided by 1338?
1250
Calculate the remainder when 11892 is divided by 183.
180
Calculate the remainder when 63250 is divided by 126.
124
Calculate the remainder when 155251 is divided by 39.
31
What is the remainder when 48238 is divided by 31?
2
Calculate the remainder when 6030 is divided by 99.
90
Calculate the remainder when 43942 is divided by 21913.
116
Calculate the remainder when 3821 is divided by 225.
221
Calculate the remainder when 7203 is divided by 104.
27
Calculate the remainder when 180861 is divided by 611.
5
What is the remainder when 4684 is divided by 667?
15
What is the remainder when 3791 is divided by 488?
375
Calculate the remainder when 5433 is divided by 83.
38
Calculate the remainder when 5640 is divided by 801.
33
Calculate the remainder when 21380 is divided by 38.
24
What is the remainder when 81868 is divided by 11685?
73
What is the remainder when 361029 is divided by 10?
9
What is the remainder when 307683 is divided by 148?
139
Calculate the remainder when 6592 is divided by 406.
96
Calculate the remainder when 114598 is divided by 60.
58
What is the remainder when 22258 is divided by 12?
10
Calculate the remainder when 50824 is divided by 696.
16
Calculate the remainder when 97809 is divided by 234.
231
What is the remainder when 24488 is divided by 445?
13
Calculate the remainder when 58015 is divided by 116.
15
Calculate the remainder when 262153 is divided by 139.
138
What is the remainder when 9694 is divided by 3230?
4
Calculate the remainder when 235675 is divided by 532.
531
Calculate the remainder when 38702 is divided by 12661.
719
What is the remainder when 7242 is divided by 12?
6
What is the remainder when 1461 is divided by 1414?
47
What is the remainder when 2928 is divided by 1805?
1123
Calculate the remainder when 261 is divided by 147.
114
Calculate the remainder when 31295 is divided by 1738.
11
Calculate the remainder when 15398 is divided by 102.
98
Calculate the remainder when 8103 is divided by 17.
11
What is the remainder when 3356 is divided by 708?
524
Calculate the remainder when 9197 is divided by 1801.
192
What is the remainder when 16929 is divided by 190?
19
What is the remainder when 25672 is divided by 6374?
176
Calculate the remainder when 330247 is divided by 13.
8
What is the remainder when 13060 is divided by 148?
36
What is the remainder when 6216 is divided by 422?
308
Calculate the remainder when 2133 is divided by 339.
99
Calculate the remainder when 5093 is divided by 2521.
51
Calculate the remainder when 11002 is divided by 141.
4
What is the remainder when 531417 is divided by 623?
621
Calculate the remainder when 17202 is divided by 2141.
74
What is the remainder when 773853 is divided by 8?
5
Calculate the remainder when 47851 is divided by 45.
16
What is the remainder when 3711 is divided by 525?
36
Calculate the remainder when 82723 is divided by 4.
3
Calculate the remainder when 257554 is divided by 36782.
80
Calculate the remainder when 17389 is divided by 5755.
124
Calculate the remainder when 395088 is divided by 104.
96
What is the remainder when 205950 is divided by 51?
12
Calculate the remainder when 872 is divided by 58.
2
What is the remainder when 1147 is divided by 201?
142
What is the remainder when 9085 is divided by 4319?
447
Calculate the remainder when 347799 is divided by 20.
19
What is the remainder when 54377 is divided by 54?
53
Calculate the remainder when 18648 is divided by 65.
58
What is the remainder when 113775 is divided by 49?
46
Calculate the remainder when 80172 is divided by 26724.
0
Calculate the remainder when 15146 is divided by 26.
14
What is the remainder when 202016 is divided by 260?
256
Calculate the remainder when 732 is divided by 100.
32
What is the remainder when 536 is divided by 236?
64
What is the remainder when 322033 is divided by 52?
49
Calculate the remainder when 3627739 is divided by 94.
91
What is the remainder when 113564 is divided by 664?
20
Calculate the remainder when 24619 is divided by 20.
19
What is the remainder when 1825997 is divided by 80?
77
Calculate the remainder when 758 is divided by 15.
8
Calculate the remainder when 552 is divided by 236.
80
What is the remainder when 647278 is divided by 15?
13
What is the remainder when 14476 is divided by 425?
26
Calculate the remainder when 51777 is divided by 88.
33
Calculate the remainder when 167694 is divided by 446.
444
Calculate the remainder when 845 is divided by 93.
8
What is the remainder when 619129 is divided by 69?
61
Calculate the remainder when 768017 is divided by 12.
5
What is the remainder when 10370 is divided by 231?
206
Calculate the remainder when 13394 is divided by 130.
4
Calculate the remainder when 8556 is divided by 41.
28
Calculate the remainder when 108244 is divided by 9018.
28
Calculate the remainder when 75738 is divided by 37865.
8
What is the remainder when 20411 is divided by 1073?
24
What is the remainder when 5769 is divided by 289?
278
Calculate the remainder when 18096 is divided by 42.
36
Calculate the remainder when 293892 is divided by 117.
105
Calculate the remainder when 10439 is divided by 1170.
1079
What is the remainder when 100751 is divided by 24?
23
What is the remainder when 120729 is divided by 40240?
9
What is the remainder when 79295 is divided by 138?
83
What is the remainder when 9987 is divided by 111?
108
What is the remainder when 2559 is divided by 1546?
1013
What is the remainder when 32681 is divided by 41?
4
Calculate the remainder when 136831 is divided by 247.
240
Calculate the remainder when 8063 is divided by 22.
11
What is the remainder when 539716 is divided by 37?
34
What is the remainder when 275800 is divided by 191?
187
Calculate the remainder when 35426 is divided by 1040.
66
Calculate the remainder when 3634811 is divided by 767.
765
What is the remainder when 23058 is divided by 38?
30
Calculate the remainder when 23753 is divided by 69.
17
What is the remainder when 17780 is divided by 62?
48
What is the remainder when 145880 is divided by 330?
20
Calculate the remainder when 245